ulate the highest common factor of 4 and c.
4
Let l be (2 + 0)*-1 - -45. Suppose -45 = -2*k - l. Let r be ((-972)/(-2))/6 - k. What is the greatest common factor of 16 and r?
16
Let v be (-27)/((-685)/(-140) + (-10)/2). Let k be (3 + v)*(-32)/(-80). Calculate the greatest common factor of k and 85.
17
Suppose -2*a + 1160 = 3*a. Suppose 0*p + 5*z + 164 = 3*p, -2*z = 5*p - a. What is the highest common factor of 3 and p?
3
Let b be (10/(-25))/(((-7)/30)/7). Let m be 21/126 - ((-2206)/b + 2). Calculate the greatest common factor of m and 52.
26
Suppose 56*q - 27355 + 8707 = 0. What is the greatest common factor of 777 and q?
111
Suppose 23 - 45 + 16 = -6*u. Calculate the highest common divisor of u and 106.
1
Let l = -166 + 241. Let k be l - 6 - ((0 - -1) + -1). What is the greatest common factor of 322 and k?
23
Let p(d) = -346*d - 7254. Let a be p(-21). Calculate the greatest common factor of a and 232.
4
Let t(z) = 712*z - 88. Let p be t(7). Suppose -35*o = -26*o - p. What is the greatest common factor of 32 and o?
32
Let j(n) = -2*n**2 - 5*n - 4. Let t be j(-3). Let u be (-3)/1 + (-56)/(-28) + -11. Let a be -1*u/42 - 243/t. What is the greatest common factor of 70 and a?
35
Suppose 5*l - 2*d = 250, -4*d = -3*l + 104 + 32. Suppose o = -2*o + 156. What is the greatest common divisor of o and l?
52
Let f = -183 - -183. Let p be -15*(2 - 5) + f. What is the highest common divisor of p and 15?
15
Let l(v) = 28*v + 4. Suppose -3*b + 11 = 2*y, 2*y - 2*b + 11 - 7 = 0. Let d be l(y). Calculate the greatest common divisor of d and 8.
8
Let f = -56 - -65. Suppose f*v - 43 = 83. Suppose -v*b + 2*b + 600 = 0. Calculate the greatest common divisor of b and 75.
25
Let t = 42 - 40. Let y(c) = 16*c - 29 + c**2 - 2*c**t - 2*c - 2*c. Let r be y(6). What is the highest common divisor of r and 1?
1
Let y be (-5 - -12)/((-1)/20*-4). Calculate the highest common divisor of y and 70.
35
Suppose 0 = 46*x - 144*x + 69*x + 26825. Calculate the greatest common divisor of 148 and x.
37
Suppose 6774*u + 477 = 6777*u. What is the greatest common divisor of u and 3?
3
Let k = -2228 - -2245. What is the highest common factor of k and 3706?
17
Let u(z) = 13*z - 21. Suppose -3 - 9 = -2*x. Let o be u(x). Suppose 0 = d - 0*h - 5*h, h = 4*d - o. What is the highest common divisor of d and 15?
15
Suppose 0 + 14 = 7*j. Let f(h) = h**3 - 14*h**2 - h + 5. Let s be f(14). Let c be (-2)/((15/s)/5). Calculate the highest common divisor of j and c.
2
Let q = -183 - -190. Let w(m) = 11*m + 1. Let h be w(5). Calculate the highest common factor of h and q.
7
Let a = 777 - 700. Let x = -36 - -43. What is the greatest common divisor of a and x?
7
Let g = -54 + 52. Let x be g/(-3) + (-278)/(-6). What is the greatest common divisor of 423 and x?
47
Let s(m) = 1. Let u(w) = -w**2 + 8*w + 70. Let n(g) = -3*s(g) + u(g). Let t be n(-5). What is the greatest common factor of t and 138?
2
Let k(d) = -3*d**2 - 24*d + 19. Let t be k(6). Let w = 268 + t. Calculate the highest common factor of w and 875.
35
Let r(b) = -b**3 - 23*b**2 - 20*b - 50. Let y be r(-22). Let l = 99 + y. Suppose -37 = -z + l. What is the highest common divisor of z and 12?
6
Let c = -295 + 684. Let t = c - 362. What is the greatest common factor of t and 117?
9
Suppose 54*t = 51*t - 5*f + 34, -2*t - 4*f = -24. Calculate the highest common factor of 792 and t.
8
Suppose 6*k - 27 - 9 = 0. Suppose -2*d + k = -8*d. Let m be ((-286)/(-10) - d) + 12/30. Calculate the highest common factor of 24 and m.
6
Suppose r = -5*t + 2531, -142*t + 145*t - 1505 = -4*r. Calculate the highest common factor of t and 195.
39
Let r be (-23)/7 - (-2)/7 - -17. Let b be 5 + (-1)/(0 + 1). Let l be b - (-5 + -1 - -3). Calculate the highest common divisor of l and r.
7
Suppose 0*w - 3016 = -4*w. Let t = -57101 + 57217. Calculate the greatest common factor of w and t.
58
Let v(y) = 15*y + 30. Suppose 42 = 5*t + 5*c + 7, -2*t - 4*c + 16 = 0. Let x be v(t). Calculate the greatest common factor of x and 320.
40
Suppose 16*f = 11*f - 4*a + 124, -4*f + 92 = -4*a. Calculate the greatest common divisor of f and 16.
8
Suppose 3*l + 1455 = 5*b, -16*b = -14*b - 4*l - 568. Suppose b*z - 292*z = 1312. Calculate the greatest common factor of 41 and z.
41
Let u be 1472 + (-20 + 5 - -37). What is the highest common factor of u and 1245?
249
Suppose -27*i + 290 + 39 + 49 = 0. Let c = -3 - -11. Calculate the highest common divisor of i and c.
2
Let l(h) = 2*h + 2. Let s be l(9). Let g = -34 - -94. Let q be 54/((6/g)/((-2)/(-6))). What is the highest common factor of s and q?
20
Let d be ((-100)/(-16))/(1/8). Suppose 6*y + 72 = 102. What is the greatest common factor of y and d?
5
Let m(d) = d**3 - d**2 + d + 18. Let h(l) = l**3 + 19. Let r(x) = -3*h(x) + 4*m(x). Let j be r(7). Calculate the greatest common factor of j and 57.
19
Suppose -323 = -3*f - 5*u, 102 = f - 0*f - 4*u. Calculate the highest common factor of f and 4.
2
Let j(n) = -n**3 - 9*n**2 + 15. Let o be j(-9). Suppose 16*x = o*x. Suppose -k + 3 + 9 = x. Calculate the highest common divisor of 8 and k.
4
Suppose 5*c - 50 = 755. Suppose 6*a = c - 137. What is the greatest common divisor of 4 and a?
4
Let v = -7246 - -7668. Calculate the highest common divisor of v and 10.
2
Let p be -4 - (-5)/(15/12). Suppose r + p*n - n - 31 = 0, 0 = -5*r + n + 159. Let x = -25 + r. What is the greatest common divisor of x and 21?
7
Suppose 4*l - 11 - 61 = 0. Let x be -4 - (-11 + (-9)/(-3)). Suppose 3*q + 2*q + 15 = 0, -2*k = -x*q - 24. Calculate the highest common factor of l and k.
6
Let u(t) = 32*t**2 - 771*t + 38. Let j be u(25). What is the highest common factor of 2 and j?
1
Suppose 4*y = -58*y + 101680. What is the highest common factor of 4 and y?
4
Suppose 3*u - 223 = -229. Suppose -5 = 3*d + 1. Let f be (-16)/d + 6/u + 4. What is the highest common divisor of 1 and f?
1
Let m(s) = 2*s**3 - 59*s**2 + 176*s + 1. Let b be m(3). Calculate the greatest common divisor of 1066 and b.
26
Suppose -3*f + 28 = r, 109 = 2*r + r + 4*f. Suppose -13 = -7*v + r. Suppose o = 2*u - 50, -o = 3*u - 6*u + 74. What is the greatest common factor of v and u?
8
Let p(n) = 21*n - 79. Let s be p(-17). Let c = 468 + s. Calculate the highest common divisor of c and 16.
16
Suppose -2*m = -5*t + 2 - 0, -4*t + 16 = 2*m. Suppose m*c - 61 = 15. Suppose s + 399 = 4*s. Calculate the highest common factor of s and c.
19
Suppose -9*b - 41 = -10*b - 5*d, -23 = -b + 4*d. Let t(n) = 94*n**3 - 2*n**2 + n. Let m be t(1). Calculate the greatest common factor of b and m.
31
Let j(l) be the second derivative of -13*l + 1/6*l**4 + 0 - 3/2*l**2 + 1/3*l**3. Let s be j(-4). What is the highest common factor of 189 and s?
21
Suppose 0 = -4*h + 2*p + 18, -47 = 5*h - 4*p - 71. Let o be 24/10*(-15)/2. Let v = o - -62. Calculate the greatest common divisor of h and v.
4
Let y(l) = 12*l**3 + l**2 - 5*l + 5. Let a be y(3). Let r be -2 - (-476)/12 - (-4)/12. What is the greatest common factor of r and a?
19
Let i be (-7)/(-10)*-2 - (-8 - (-810)/(-25)). Calculate the greatest common divisor of 12363 and i.
39
Let w be (-43896)/(-36) + 3 + 5/3. What is the greatest common divisor of w and 72?
72
Let b = -15544 + 15670. Let v(o) = o**2 - 9*o - 6. Let d be v(-6). Calculate the greatest common factor of b and d.
42
Let h = 1504 - 450. What is the greatest common factor of h and 136?
34
Let k(a) = a**2 + 9*a - 19. Let z be k(-11). Suppose -3*r + 0 + 18 = 0. Let m be z/(r/166) + 2. Calculate the highest common factor of m and 17.
17
Let x = -258 + 478. Let c be 41/(5125/(-200))*(-165)/4. Calculate the highest common divisor of x and c.
22
Suppose -9*q = -7*q + 4. Let x be (q - 0/1)/((-2)/12). Let k be (-16)/(-6)*1/(8/x). What is the greatest common divisor of 4 and k?
4
Let p = -8581 + 10292. Calculate the greatest common divisor of p and 59.
59
Suppose 4*n - 599 + 1731 = 0. Let m = n + 357. Suppose 5*x = 480 + 75. What is the highest common factor of m and x?
37
Let i(g) = 3*g - 105. Let z be i(-10). Let d be (28/4)/((-15)/z). What is the highest common divisor of d and 7?
7
Let r(s) = 6641*s + 44. Let j be r(1). Calculate the highest common factor of 245 and j.
35
Let l = -1283 - -1478. Suppose -j - 1 = 0, 0 = -2*v + 2*j - 29 + 91. What is the greatest common divisor of l and v?